he units digit of 218407264?
4
What is the millions digit of 1378853404?
8
What is the hundred millions digit of 2745884246?
7
What is the millions digit of 419801955?
9
What is the thousands digit of 290651004?
1
What is the ten thousands digit of 518341128?
4
What is the hundred millions digit of 418503806?
4
What is the thousands digit of 581177548?
7
What is the hundred millions digit of 1019145683?
0
What is the thousands digit of 2017382155?
2
What is the tens digit of 297713845?
4
What is the millions digit of 33691058?
3
What is the ten millions digit of 62455870?
6
What is the thousands digit of 1240604471?
4
What is the hundred thousands digit of 10288622?
2
What is the ten millions digit of 419760333?
1
What is the ten millions digit of 5321935612?
2
What is the hundred millions digit of 794809476?
7
What is the tens digit of 164513395?
9
What is the hundred thousands digit of 842965864?
9
What is the ten millions digit of 4174638978?
7
What is the ten thousands digit of 23415826?
1
What is the hundred millions digit of 903360346?
9
What is the ten millions digit of 303159234?
0
What is the hundred thousands digit of 323329124?
3
What is the hundreds digit of 9806546?
5
What is the ten millions digit of 260119929?
6
What is the hundreds digit of 1073918766?
7
What is the hundred thousands digit of 1597073502?
0
What is the hundred thousands digit of 22725785?
7
What is the billions digit of 2426417168?
2
What is the ten millions digit of 56501062?
5
What is the ten millions digit of 1381324335?
8
What is the thousands digit of 967931907?
1
What is the thousands digit of 798796221?
6
What is the tens digit of 848650285?
8
What is the hundred thousands digit of 151206170?
2
What is the units digit of 436656653?
3
What is the hundred thousands digit of 1105297200?
2
What is the thousands digit of 247171258?
1
What is the ten millions digit of 1122677784?
2
What is the ten millions digit of 146529283?
4
What is the hundreds digit of 441314398?
3
What is the hundred millions digit of 633817719?
6
What is the units digit of 33829175?
5
What is the thousands digit of 202510055?
0
What is the ten millions digit of 3644657632?
4
What is the thousands digit of 1149904201?
4
What is the ten millions digit of 176793101?
7
What is the thousands digit of 313007804?
7
What is the hundred thousands digit of 474552020?
5
What is the ten thousands digit of 1275226803?
2
What is the hundred thousands digit of 233627741?
6
What is the hundreds digit of 1649462?
4
What is the thousands digit of 677570461?
0
What is the ten thousands digit of 2715489886?
8
What is the units digit of 121995941?
1
What is the thousands digit of 2035971691?
1
What is the thousands digit of 271496435?
6
What is the ten thousands digit of 18342024?
4
What is the hundred thousands digit of 40018939?
0
What is the ten millions digit of 73275350?
7
What is the tens digit of 943071819?
1
What is the tens digit of 2092052640?
4
What is the thousands digit of 59805511?
5
What is the millions digit of 49582270?
9
What is the ten millions digit of 54983885?
5
What is the ten thousands digit of 25402109?
0
What is the ten thousands digit of 40738535?
3
What is the hundreds digit of 24496183?
1
What is the hundred millions digit of 159553196?
1
What is the ten millions digit of 30700205?
3
What is the ten millions digit of 398152633?
9
What is the hundred thousands digit of 1767692930?
6
What is the hundred thousands digit of 426587126?
5
What is the hundred thousands digit of 794885532?
8
What is the ten millions digit of 71609621?
7
What is the billions digit of 2955483759?
2
What is the millions digit of 34052491?
4
What is the billions digit of 5070974019?
5
What is the tens digit of 2887324577?
7
What is the units digit of 8640812?
2
What is the ten millions digit of 855461641?
5
What is the ten thousands digit of 29679627?
7
What is the tens digit of 233371229?
2
What is the millions digit of 1856098894?
6
What is the ten millions digit of 80743481?
8
What is the ten millions digit of 3132816683?
3
What is the hundred thousands digit of 3378956492?
9
What is the hundreds digit of 3065605075?
0
What is the tens digit of 746997581?
8
What is the thousands digit of 286988498?
8
What is the tens digit of 667554071?
7
What is the hundred thousands digit of 2260815075?
8
What is the units digit of 1047960070?
0
What is the hundred thousands digit of 79657775?
6
What is the tens digit of 122757275?
7
What is the thousands digit of 61173892?
3
What is the ten millions digit of 434256305?
3
What is the millions digit of 50444528?
0
What is the tens digit of 1157374890?
9
What is the millions digit of 6434314?
6
What is the units digit of 192579818?
8
What is the hundred millions digit of 304581791?
3
What is the millions digit of 2550081252?
0
What is the hundreds digit of 303262059?
0
What is the units digit of 37928707?
7
What is the ten millions digit of 39198593?
3
What is the tens digit of 27542375?
7
What is the hundreds digit of 22280298?
2
What is the hundred thousands digit of 2332716557?
7
What is the units digit of 1053786468?
8
What is the ten thousands digit of 285674794?
7
What is the tens digit of 129033779?
7
What is the billions digit of 5243399160?
5
What is the millions digit of 597536490?
7
What is the ten millions digit of 57253946?
5
What is the millions digit of 15962762?
5
What is the ten thousands digit of 1974952143?
5
What is the millions digit of 42748991?
2
What is the hundreds digit of 246436902?
9
What is the units digit of 209918751?
1
What is the ten thousands digit of 590716154?
1
What is the tens digit of 9281679?
7
What is the hundred thousands digit of 47924014?
9
What is the millions digit of 185762814?
5
What is the ten thousands digit of 134466406?
6
What is the millions digit of 116009089?
6
What is the hundred millions digit of 7190863751?
1
What is the millions digit of 96271759?
6
What is the thousands digit of 1959191976?
1
What is the billions digit of 1443161198?
1
What is the hundreds digit of 119994046?
0
What is the ten thousands digit of 344605379?
0
What is the tens digit of 308587208?
0
What is the hundred thousands digit of 1557043937?
0
What is the tens digit of 122478928?
2
What is the thousands digit of 557896319?
6
What is the hundreds digit of 5303783021?
0
What is the hundred millions digit of 154184302?
1
What is the hundreds digit of 657275882?
8
What is the tens digit of 99926715?
1
What is the thousands digit of 294095065?
5
What is the ten millions digit of 738602855?
3
What is the hundred thousands digit of 95245549?
2
What is the tens digit of 703454713?
1
What is the tens digit of 448499654?
5
What is the hundreds digit of 1967386685?
6
What is the hundreds digit of 7059271976?
9
What is the tens digit of 581154184?
8
What is the ten millions digit of 39718746?
3
What is the hundred thousands digit of 3988527037?
5
What is the units digit of 1202216138?
8
What is the units digit of 19023966?
6
What is the hundred thousands digit of 408254079?
2
What is the thousands digit of 155590566?
0
What is the ten thousands digit of 4565303078?
0
What is the hundreds digit of 26026653?
6
What is the units digit of 5641452?
2
What is the ten thousands digit of 265954260?
5
What is the hundreds digit of 4868027387?
3
What is the ten thousands digit of 5354965095?
6
What is the hundreds digit of 189939903?
9
What is the thousands digit of 97116327?
6
What is the hundreds digit of 253940362?
3
What is the hundreds digit of 2233048561?
5
What is the ten millions digit of 2810661503?
1
What is the billions digit of 1751722738?
1
What is the thousands digit of 162367312?
7
What is the millions digit of 163786531?
3
What is the ten millions digit of 1521547423?
2
What is the units digit of 95752195?
5
What is the hundred millions digit of 124817912?
1
What is the billions digit of 1945621702?
1
What is the hundred thousands digit of 15548364?
5
What is the tens digit of 423198717?
1
What is the hundred millions digit of 133932781?
1
What is the units digit of 33337032?
2
What is the units digit of 2328894424?
4
What is the millions digit of 153055432?
3
What is the ten millions digit of 263492788?
6
What is the hundreds digit of 122573